{"id":28,"date":"2022-02-22T04:04:59","date_gmt":"2022-02-22T04:04:59","guid":{"rendered":"https:\/\/xantea2502.com\/?page_id=28"},"modified":"2024-02-21T17:32:47","modified_gmt":"2024-02-21T17:32:47","slug":"home","status":"publish","type":"page","link":"https:\/\/xantea2502.com\/","title":{"rendered":"Home"},"content":{"rendered":"<div class=\"bm-builder clearfix \"><div id=\"\" class=\"module col-0 module-id-1708422042953 bm-wrap row-equal_spacing_v row-left bm-force-full keep-origin-layout-mobile bm-wrap-no-gap\" data-module-col=\"0\" data-change-color=\"on\" data-backcolor=\"#000000\" data-frontcolor=\"#ffffff\" data-logocolor=\"alt-logo-univer\" data-goto-top=\"off\" data-goto-top-spacing=\"0\" data-goto-disable-m=\"on\" data-groupsameheight=\"off\"><div class=\"module-inside group-inside\" style=\"--top-mod: 0px;--bottom-mod: 0px;--top-mod-m:0px;--bottom-mod-m:0px;\" ><div id=\"\" class=\"module col-12 module-id-1708422043749\" data-module-col=\"12\"><div class=\"module-inside embed-inside\" style=\"--top-mod: 0px;--bottom-mod: 0px;--top-mod-m:0px;--bottom-mod-m:0px;\" ><div class=\"embed-wrap   \" style=\" \" ><div class=\"embed-hostedvideo-wrap  \" style=\"\"><video class=\"embed-hostedvideo lazy\" poster=\"\" playsinline loop muted autoplay><source data-src=\"https:\/\/xantea2502.com\/wp-content\/uploads\/2024\/02\/Rikardo_Composited_R1.mp4\" type=\"video\/mp4\"><\/video><div class=\"hostedvideo-plays-btn\"><svg fill=\"#555\" class=\"hostedvideo-svg-play\" height=\"48\" viewBox=\"0 0 48 48\" width=\"48\" xmlns=\"http:\/\/www.w3.org\/2000\/svg\"><path d=\"M-838-2232H562v3600H-838z\" fill=\"none\"><\/path><path d=\"M16 10v28l22-14z\"><\/path><path d=\"M0 0h48v48H0z\" fill=\"none\"><\/path><\/svg><svg fill=\"#555\" class=\"hostedvideo-svg-pause\" height=\"48\" viewBox=\"0 0 48 48\" width=\"48\" xmlns=\"http:\/\/www.w3.org\/2000\/svg\"><path d=\"M12 38h8V10h-8v28zm16-28v28h8V10h-8z\"><\/path><path d=\"M0 0h48v48H0z\" fill=\"none\"><\/path><\/svg><\/div><div class=\"hostedvideo-mute-btn\" style=\"--muteBtnColor:#555\"><svg fill=\"#555\" class=\"hostedvideo-svg-mute\" height=\"48\" version=\"1.1\" viewBox=\"0 0 48 48\" width=\"48\" xml:space=\"preserve\" xmlns=\"http:\/\/www.w3.org\/2000\/svg\"><path d=\"M23.727 16.403v24.134a8.296 8.296 0 0 0-4.35-1.233c-4.612 0-8.353 3.74-8.353 8.349a8.354 8.354 0 0 0 8.353 8.354c4.61 0 8.349-3.739 8.35-8.352V25.151l21.25-6.109V33.33a8.296 8.296 0 0 0-4.35-1.233c-4.614 0-8.353 3.739-8.353 8.348a8.354 8.354 0 0 0 8.353 8.354c4.344 0 7.914-3.325 8.31-7.57h.04V7.993l-29.25 8.41z\"><\/path><\/svg><\/div><\/div><\/div><\/div><\/div><\/div><\/div><div id=\"\" class=\"module col-0 module-id-170842204446 bm-wrap row-equal_spacing_v row-left bm-force-full reverse-order-mobile\" data-module-col=\"0\" data-change-color=\"on\" data-backcolor=\"#000000\" data-frontcolor=\"#ffffff\" data-logocolor=\"default-logo-univer\" data-goto-top=\"off\" data-goto-top-spacing=\"0\" data-goto-disable-m=\"on\" data-groupsameheight=\"off\"><div class=\"module-inside group-inside\" style=\"--top-mod: 0px;--bottom-mod: 0px;--top-mod-m:0px;--bottom-mod-m:0px;\" ><div id=\"\" class=\"module col-6 module-id-1708422046975\" data-module-col=\"6\"><div class=\"module-inside text-inside\" style=\"--top-mod: 0px;--bottom-mod: 0px;--top-mod-m:0px;--bottom-mod-m:40px;\" ><div class=\"text_block_out\"  data-effect=\"standard\" style=\"\"><div class=\"text_block ux-mod-nobg\"><div class=\"text_block_inn\"><div id=\"text-1708422046975\" class=\"text_block_centered text_block_centered_enable_width\"  style=\"\"><p style=\"text-align: center;\"><span style=\"font-size: 22px;\" data-msize=\"20px\">The project XANTEA 2502 VR is an innovative fusion of art and technology, which reexamines the boundaries of traditional artistic expression through virtual reality (VR). It was created by Bosnian-Herzegovinian artist Rikardo Dru\u0161ki\u0107 and software engineer Haris Had\u017ei\u0107, offering an unforgettable immersive experience into the world of art in a completely new way. XANTEA 2502 VR represents an innovative platform for exploring virtual spaces, where visitors can interactively experience artworks, transcending the boundaries of physical and virtual reality.<\/span><\/p><\/div><\/div><\/div><\/div><\/div><\/div><div id=\"\" class=\"module col-6 module-id-1708429532452\" data-module-col=\"6\"><div class=\"module-inside embed-inside\" style=\"--top-mod: 0px;--bottom-mod: 0px;--top-mod-m:0px;--bottom-mod-m:0px;\" ><div class=\"embed-wrap   \" style=\" \" ><div class=\"embed-hostedvideo-wrap  \" style=\"\"><video class=\"embed-hostedvideo lazy\" poster=\"\" playsinline loop muted autoplay><source data-src=\"https:\/\/xantea2502.com\/wp-content\/uploads\/2024\/02\/sporiji.mp4\" type=\"video\/mp4\"><\/video><div class=\"hostedvideo-plays-btn\"><svg fill=\"#555\" class=\"hostedvideo-svg-play\" height=\"48\" viewBox=\"0 0 48 48\" width=\"48\" xmlns=\"http:\/\/www.w3.org\/2000\/svg\"><path d=\"M-838-2232H562v3600H-838z\" fill=\"none\"><\/path><path d=\"M16 10v28l22-14z\"><\/path><path d=\"M0 0h48v48H0z\" fill=\"none\"><\/path><\/svg><svg fill=\"#555\" class=\"hostedvideo-svg-pause\" height=\"48\" viewBox=\"0 0 48 48\" width=\"48\" xmlns=\"http:\/\/www.w3.org\/2000\/svg\"><path d=\"M12 38h8V10h-8v28zm16-28v28h8V10h-8z\"><\/path><path d=\"M0 0h48v48H0z\" fill=\"none\"><\/path><\/svg><\/div><div class=\"hostedvideo-mute-btn\" style=\"--muteBtnColor:#555\"><svg fill=\"#555\" class=\"hostedvideo-svg-mute\" height=\"48\" version=\"1.1\" viewBox=\"0 0 48 48\" width=\"48\" xml:space=\"preserve\" xmlns=\"http:\/\/www.w3.org\/2000\/svg\"><path d=\"M23.727 16.403v24.134a8.296 8.296 0 0 0-4.35-1.233c-4.612 0-8.353 3.74-8.353 8.349a8.354 8.354 0 0 0 8.353 8.354c4.61 0 8.349-3.739 8.35-8.352V25.151l21.25-6.109V33.33a8.296 8.296 0 0 0-4.35-1.233c-4.614 0-8.353 3.739-8.353 8.348a8.354 8.354 0 0 0 8.353 8.354c4.344 0 7.914-3.325 8.31-7.57h.04V7.993l-29.25 8.41z\"><\/path><\/svg><\/div><\/div><\/div><\/div><\/div><\/div><\/div><div id=\"\" class=\"module col-12 module-id-170844224498 bm-wrap row-top row-left bm-wrap-height-auto\" data-module-col=\"12\" data-change-color=\"off\" data-backcolor=\"transparent\" data-frontcolor=\"\" data-logocolor=\"\" data-goto-top=\"off\" data-goto-top-spacing=\"0\" data-goto-disable-m=\"off\" data-groupsameheight=\"off\"><div class=\"module-inside group-inside\" style=\"--top-mod: 40px;--bottom-mod: 0px;--top-mod-m:20px;--bottom-mod-m:0px;\" ><\/div><\/div><div id=\"\" class=\"module col-12 module-id-1708442244517\" data-module-col=\"12\"><div class=\"module-inside button-inside\" style=\"--top-mod: 40px;--bottom-mod: 0px;--top-mod-m:20px;--bottom-mod-m:0px;\" ><div class=\"btn-mod-wrap btn-1708442244517 btn-center btn-center-m ux-vertical ux-btn-wrap-regular\" style=\"\"><a class=\"ux-btn ux-btn-a-0 ux-cb-btn-1708442244517_0 fadeInM \" href=\"https:\/\/www.facebook.com\/celafuente\" target=\"_self\" rel=\" \" ><span class=\"ux-btn-text-wrap\"><span class=\"ux-btn-text\">Facebook<\/span><\/span><\/a><a class=\"ux-btn ux-btn-a-1 ux-cb-btn-1708442244517_1 fadeInM \" href=\"https:\/\/twitter.com\/RDruskic\" target=\"_self\" rel=\" \" ><span class=\"ux-btn-text-wrap\"><span class=\"ux-btn-text\">Twitter<\/span><\/span><\/a><a class=\"ux-btn ux-btn-a-2 ux-cb-btn-1708442244517_2 fadeInM \" href=\"https:\/\/www.instagram.com\/rikardodruskic_art\/\" target=\"_self\" rel=\" \" ><span class=\"ux-btn-text-wrap\"><span class=\"ux-btn-text\">Instagram<\/span><\/span><\/a><\/div><\/div><\/div><\/div>","protected":false},"excerpt":{"rendered":"<p>The project XANTEA 2502 VR is an innovative fusion of &hellip;<\/p>\n","protected":false},"author":1,"featured_media":0,"parent":0,"menu_order":0,"comment_status":"closed","ping_status":"closed","template":"","meta":{"inline_featured_image":false,"footnotes":""},"class_list":["post-28","page","type-page","status-publish","hentry"],"_links":{"self":[{"href":"https:\/\/xantea2502.com\/index.php\/wp-json\/wp\/v2\/pages\/28","targetHints":{"allow":["GET"]}}],"collection":[{"href":"https:\/\/xantea2502.com\/index.php\/wp-json\/wp\/v2\/pages"}],"about":[{"href":"https:\/\/xantea2502.com\/index.php\/wp-json\/wp\/v2\/types\/page"}],"author":[{"embeddable":true,"href":"https:\/\/xantea2502.com\/index.php\/wp-json\/wp\/v2\/users\/1"}],"replies":[{"embeddable":true,"href":"https:\/\/xantea2502.com\/index.php\/wp-json\/wp\/v2\/comments?post=28"}],"version-history":[{"count":2,"href":"https:\/\/xantea2502.com\/index.php\/wp-json\/wp\/v2\/pages\/28\/revisions"}],"predecessor-version":[{"id":249,"href":"https:\/\/xantea2502.com\/index.php\/wp-json\/wp\/v2\/pages\/28\/revisions\/249"}],"wp:attachment":[{"href":"https:\/\/xantea2502.com\/index.php\/wp-json\/wp\/v2\/media?parent=28"}],"curies":[{"name":"wp","href":"https:\/\/api.w.org\/{rel}","templated":true}]}}